 of s**7/2520 - s**6/120 - s**5/60 + 19*s**4/24 - 92*s**2. Let f(u) be the second derivative of a(u). Determine f(5).
-7
Let t be -5 - 1977/(-3 + 0). Let m(c) = c**2 - 324 - 5*c**3 + c**2 - 331 + t. Let l be (-1)/(-2) + 1/2. Determine m(l).
-4
Let l = -60 - -125. Let u = 66 - l. Let w(d) = 0*d - 1 + 6*d - d + 2*d. What is w(u)?
6
Let a(d) = -15*d**2 - 29*d + 40. Let s(o) = 11*o**2 + 28*o - 39. Let v(i) = -3*a(i) - 4*s(i). Determine v(23).
-10
Let b(n) = -n - 2. Let q(w) = 4 + 52*w**3 - 65*w**3 - 1 + 4*w - w. Let o be q(-2). Let h = 99 - o. Give b(h).
0
Let v(a) be the first derivative of 1 - 2*a + 5*a**2 + 10*a**2 - 15 - 9*a**2. Calculate v(3).
34
Let d be ((-2)/(-3))/(60/270). Let k(o) = 12 + d*o**2 - 23 - o + o**3 + 12 + 4*o. What is k(-3)?
-8
Let r = -196 - -239. Let q(y) = -28 + r + 2*y - 27 - 5*y. Calculate q(-8).
12
Suppose 0 = 3*c - 23 + 5. Let a(t) = -36*t + 16. Let d be a(0). Let r(f) = -8*f - 2 - 6 - d*f + 45*f - f**2 - 11*f. What is r(c)?
16
Let t(a) be the first derivative of a**4/8 - 2*a**3/3 - 15*a**2/2 - 30. Let x(j) be the second derivative of t(j). Suppose -15 = -3*o - 2*o. Give x(o).
5
Suppose 2*x + 3*x = -10. Let y(j) = j**3 + 3*j**2 - 9*j + 6. Let h(s) = -s**3 - 2*s**2 + 7*s - 5. Let m(f) = -4*h(f) - 3*y(f). Determine m(x).
-8
Let t(v) = 2*v**3 + 3*v**2 + 8*v - 10. Let s(m) = -4*m**3 - 6*m**2 - 15*m + 19. Let h(b) = 3*s(b) + 5*t(b). Calculate h(3).
-89
Suppose -4*c + 2*q - 6 = 4*q, 5*c - 2*q + 21 = 0. Let j(h) = -h**2 + 15*h + 20. Let a be j(16). Let z(l) = 0 - 3*l - 3 - a + 5. Calculate z(c).
7
Let t = 84 + -82. Let k be (1 - 0)*2*t. Let m(z) = -14 + 5*z + k*z - 4*z - 3*z. Give m(10).
6
Let r(k) = -15*k**2 + 28*k**2 + 7*k - 6*k - 14*k**2 + 1. Suppose -4*s - a = 5, 11 + 4 = -4*s - 3*a. Suppose 3 = m + 2*f, 4*m + 15 = -s*f + f. Determine r(m).
-11
Let r(n) = 11*n**2 - 24*n - 12. Let i(b) = -14*b**2 + 31*b + 15. Let j(c) = -3*i(c) - 4*r(c). Calculate j(-3).
-24
Let d(q) = -3*q**2 - 376*q + 362*q - 16 + q**2 - 6. Determine d(-7).
-22
Suppose d - 16 = 2*a + a, 26 = -4*a - d. Let o(m) = 34451*m + 34478*m - 68930*m - 3. Calculate o(a).
3
Let b(z) = 11*z**2 - 3*z - 1. Let t = -28 - -31. Let p be b(t). Suppose -92 + p = -3*o. Let f(x) = 4*x + 1. Give f(o).
5
Suppose -y - d + 4*d - 2 = 0, -2*y - d = -10. Let k(v) = y*v + v**2 + 0 + 9 + 0*v**2 - 5. What is k(-3)?
1
Let h be (-10)/20*-30 - 13. Let v(u) = -4*u - 21. What is v(h)?
-29
Suppose -13*c + 27 + 25 = 0. Let y(l) = -207*l + 423*l + 1 - 212*l. Determine y(c).
17
Let i(b) = b**3 + 5*b**2 + 4*b - 1. Suppose 2*d = -3*s + 349 + 595, -4*d = 4*s - 1884. Let l = -473 + d. Calculate i(l).
-1
Suppose 4*k - 16 = -4*c, -5*c + 11 = -c - k. Let t(q) = -8412*q**2 + 3*q**c + 8408*q**2 + 3 - 4*q**3 + 0 - 3*q. What is t(-3)?
3
Let k be 8/(-24) - (-169)/3. Suppose 8*a - k = a. Let v(l) = 3*l - 26. Let c be v(a). Let o(w) = -5*w**2 - 2*w + 1. What is o(c)?
-15
Let u(z) = 4*z**2 - 3*z**2 - 5 - 2*z**2 - 7*z. Let r(v) = -v**3 - 34*v**2 - 46*v + 569. Let h be r(-32). Calculate u(h).
-5
Let d = 11743 + -11736. Let p(s) = s**3 - 12*s**2 + 33*s + 15. Calculate p(d).
1
Let y(x) = x + 11. Let k be 66/(-21)*(-28)/16*2. Suppose 0 = k*a + 21 + 45. Give y(a).
5
Let q(z) = -12. Let a(f) = f + 13. Suppose 0 = -2*u + 3*b - 15, -5*u + 9*b - 6*b = 33. Let w(v) = u*q(v) - 5*a(v). Let d(j) = -j - 2. Let x be d(-7). Give w(x).
-18
Let n(j) = 2*j**2 + 2*j - 1. Let r = -51 + 76. Let k = 33 - r. Suppose 0 = k*x - 7*x + 2. Give n(x).
3
Let z(r) be the third derivative of -r**6/120 - r**5/30 - 5*r**4/12 - 11*r**3/3 + 79*r**2 + 8*r + 2. What is z(-2)?
-2
Let o be 6/((-9)/(252/8)). Let z be o/147 - (-2)/14. Let t(l) = 2*l**2 + 3*l**2 - 15 - 4*l**2 + 10. Calculate t(z).
-5
Let o(n) = -n**3 + 11*n**2 + 5*n - 22. Suppose -5*p - 106*p + 805 = -416. Determine o(p).
33
Let x = -159 + 169. Let f be -18*(-5 + 55/x). Let d(p) = p + 7. Calculate d(f).
-2
Let a(o) be the third derivative of o**5/60 - o**4/12 + o**3/6 + 1132*o**2. Give a(-3).
16
Let u(z) be the third derivative of z**5/10 - z**4/8 + z**3/3 + z**2 + 19*z. Let a be u(1). Let b(y) = -y**3 + 6*y**2 - y - 12. Give b(a).
8
Let x(u) = -11*u**3 - 27*u**2 - 7*u - 3. Let i(t) = 5*t**3 + 13*t**2 + 4*t + 1. Let n(q) = 9*i(q) + 4*x(q). Let m = 752 + -759. Calculate n(m).
39
Let i(q) = -11*q - q**3 - 10*q - 89 + 174 - 83 - 10*q**2. What is i(-7)?
2
Let c(p) be the second derivative of 188*p + 1/3*p**3 - 1/12*p**4 - 7/2*p**2 + 0. Determine c(5).
-22
Suppose -30*x + 26 = -4. Let z(r) = -x - 15*r - r**2 + 0 + 0 + 19*r. Determine z(4).
-1
Let h(j) = 2*j + 4. Suppose p - 3*p + 22 = 0. Let n be (p - 16)*6/5. Give h(n).
-8
Let k = 6 + -8. Let w be 1 + (1 - (k - 0)). Let q(f) be the first derivative of 2*f**3/3 - 3*f**2 - 35. Determine q(w).
8
Let h(b) be the first derivative of -5*b**2 + 30*b - 4746. Give h(5).
-20
Let r(b) be the third derivative of b**4/2 - 73*b**3/6 + 531*b**2. Give r(6).
-1
Let c be ((-144)/96)/(-2 + (-263)/(-132)). Let j = c + -210. Let h(i) = i**2 + 15*i + 30. What is h(j)?
-6
Let y(l) = -2335*l**3 + 5*l**2 - 424 + 497 + 2334*l**3 + 14*l. Give y(8).
-7
Let j(d) be the second derivative of d**7/2520 + 7*d**6/720 + d**5/60 + d**4/12 + 44*d**3/3 + 99*d. Let m(p) be the third derivative of j(p). Determine m(-5).
-8
Let o(w) = -14*w**3 + 3*w**2 - 2*w - 1. Let l be 65/40 - (11/(-8) + 1). What is o(l)?
-105
Let o(u) = -u**2 - 1. Suppose -9 = -n + 2*n + 5*i, -i = 2. Let q(v) = -8*v - 3 + 6 - v**2 + 3*v**2 + 3. Let g(a) = n*o(a) + q(a). Give g(6).
-7
Let f(q) = q**3 - q**2 - 8*q - 3. Suppose -26*c + 64*c = -114. Determine f(c).
-15
Let l(y) = -2*y**3 - 36*y**2 - 163*y - 8. Let i be l(-9). Let h(b) = b**3 + b - 4*b**3 - 9*b**3. What is h(i)?
-11
Suppose -5*h - 3*s = 30, -s + 36 = 3*h + 54. Let n(f) be the third derivative of f**4/12 + f**3/2 + 4*f**2. Determine n(h).
-9
Let h(u) = -14448 + 14444 - 2*u - 6*u**2 + 31*u**3 - 32*u**3. Calculate h(-4).
-28
Let d(p) = p + 2. Let q(s) = -s - 4. Let j be q(-13). Suppose 3*k - 2*m = 0, 5*k - 2*k + m = j. Suppose 55 = -13*w + k*w. What is d(w)?
-3
Let l(z) = 3*z + 1. Let n(d) = d**2 + 13*d + 4. Let s(t) = 9*l(t) - 2*n(t). Let w be (-1)/(2/4*-2). Suppose -5*y - 13 - w = -v, 0 = 4*v - 2*y - 2. What is s(v)?
-2
Suppose -b + 28 = -3*r, 0 = 77*b - 78*b - r - 16. Let g(m) be the first derivative of -m**4/4 - 4*m**3/3 + 3*m**2/2 + 2*m + 3. Give g(b).
12
Suppose 22*m - 21*m + 4 = -4*o, -3*o + 3*m + 12 = 0. Let u(v) = -2*v**3 + v**2 + v + 41. What is u(o)?
41
Let x(g) = -g**2 - 27*g - 124. Let l be x(-6). Let w be 3/(-2) + -1*86/(-4). Suppose 0 = 4*v + w, -2*y - l*v + 5 = y. Let r(f) = f**2 - 2*f + 4. Determine r(y).
19
Let n(h) = 7*h**2 + 3*h - 4. Let w(k) = 4*k**2 + 33*k + 1. Let q be w(0). Determine n(q).
6
Let z(o) = -32 - 3*o + 54 - 21. Suppose -3*d - 2*d = 0. Let h be z(d). Let w(t) = -11*t**2 - 2*t + 1. Determine w(h).
-12
Let y = 25413 - 25413. Let t(f) = -f**2 - 8*f - 1. Determine t(y).
-1
Let c(j) = 5*j**2 + 24*j - 11. Let x(d) = d**2 + 6*d. Let y(a) = c(a) - 6*x(a). Suppose 0 = 2*l - 2*q + 18, 4*l + q - 6*q = -36. Give y(l).
16
Let f be (-36)/(30/(-5)) + 3. Let y(x) = -6*x**3 + 8*x + 2*x**3 - 2 + 11*x**3 - 6*x**3 - 10*x**2. What is y(f)?
-11
Suppose 0 = -8*m - 37 + 293. Suppose 0 = t + m - 36. Let a(b) = -b**2. Calculate a(t).
-16
Let t(n) be the second derivative of n**3/3 + n**2/2 - 11*n. Let w(g) = 3*g. Let q be w(11). Let p = -36 + q. What is t(p)?
-5
Let r(k) = -k**2 - 9*k - 11. Let h(i) = 7*i + 53. Let b be h(-7). Suppose -4*y = -b*w - 8, 2*w = -3*w - 5*y - 40. Give r(w).
9
Suppose 6*h + 70 = -92. Let r = h + 31. Let b(j) = r*j + 2 + 6*j**2 + 4*j**2 - 11*j**2. Determine b(3).
5
Let j(t) = 1 - 14*t**3 - 2*t**3 + 4*t + 5*t**2 + 19*t**3 - 2*t**3. Let z = -33 - -29. Determine j(z).
1
Suppose -1 = v, 7*r - 2*r - 3*v = 23. Suppose -r*f = -f - 6. Let t be 4 - (f + (-12)/(-2)). Let w(d) = 3*d - 1. Calculate w(t).
-13
Let q = -1803 + 1806. Let b(z) = -7*z + 24. Determine b(q).
3
Let j(m) be the first derivative of m**4/4 + 25*m**3/3 - 25*m**2/2 - 19*m - 2023. What is j(-26)?
-45
Let a(j) be the first derivative of -j**3/3 + 2*j**2 + 158*j - 6604. Calculate a(-11).
-7
Let a = 194314 + -194321. Let c(q) be the first derivative of q**4/4 + 7*q**3/3 - q**2 - 6*q + 1. Calculate c(a).
8
Let t = -1398 + 2480. Suppose m - 217 = d, 0*m - 4*d 